hat is the thousands digit of 1471?
1
What is the units digit of 998?
8
What is the hundreds digit of 90912?
9
What is the units digit of 35365?
5
What is the thousands digit of 2410?
2
What is the hundreds digit of 3480?
4
What is the units digit of 1501?
1
What is the thousands digit of 28963?
8
What is the ten thousands digit of 17078?
1
What is the ten thousands digit of 55891?
5
What is the ten thousands digit of 58364?
5
What is the hundreds digit of 3892?
8
What is the ten thousands digit of 95732?
9
What is the tens digit of 26910?
1
What is the hundreds digit of 1887?
8
What is the units digit of 1165?
5
What is the units digit of 925?
5
What is the tens digit of 4764?
6
What is the hundreds digit of 5026?
0
What is the tens digit of 42160?
6
What is the ten thousands digit of 35672?
3
What is the hundreds digit of 22158?
1
What is the thousands digit of 6762?
6
What is the hundreds digit of 7312?
3
What is the tens digit of 44782?
8
What is the tens digit of 1041?
4
What is the units digit of 2415?
5
What is the units digit of 18534?
4
What is the hundreds digit of 117711?
7
What is the hundreds digit of 16492?
4
What is the units digit of 27953?
3
What is the tens digit of 12061?
6
What is the hundreds digit of 1090?
0
What is the units digit of 4438?
8
What is the thousands digit of 3366?
3
What is the thousands digit of 9507?
9
What is the tens digit of 699?
9
What is the units digit of 1030?
0
What is the hundreds digit of 997?
9
What is the units digit of 3219?
9
What is the thousands digit of 25559?
5
What is the tens digit of 69368?
6
What is the ten thousands digit of 30331?
3
What is the thousands digit of 9937?
9
What is the tens digit of 7112?
1
What is the hundreds digit of 155?
1
What is the thousands digit of 20290?
0
What is the hundreds digit of 4514?
5
What is the units digit of 3157?
7
What is the hundreds digit of 198?
1
What is the thousands digit of 19135?
9
What is the units digit of 3205?
5
What is the units digit of 17301?
1
What is the hundred thousands digit of 136701?
1
What is the units digit of 289?
9
What is the tens digit of 817?
1
What is the thousands digit of 7642?
7
What is the units digit of 5546?
6
What is the hundreds digit of 735?
7
What is the tens digit of 11225?
2
What is the tens digit of 860?
6
What is the tens digit of 4340?
4
What is the units digit of 34128?
8
What is the thousands digit of 26854?
6
What is the ten thousands digit of 120453?
2
What is the units digit of 2661?
1
What is the units digit of 8240?
0
What is the units digit of 365?
5
What is the hundreds digit of 5414?
4
What is the ten thousands digit of 13735?
1
What is the hundreds digit of 1146?
1
What is the tens digit of 9127?
2
What is the ten thousands digit of 77996?
7
What is the tens digit of 6648?
4
What is the hundreds digit of 636?
6
What is the tens digit of 2845?
4
What is the units digit of 285?
5
What is the hundreds digit of 27251?
2
What is the tens digit of 616?
1
What is the units digit of 1513?
3
What is the tens digit of 672?
7
What is the units digit of 745?
5
What is the thousands digit of 6327?
6
What is the units digit of 106768?
8
What is the tens digit of 61?
6
What is the ten thousands digit of 41935?
4
What is the hundreds digit of 24237?
2
What is the thousands digit of 5850?
5
What is the hundreds digit of 1378?
3
What is the units digit of 67004?
4
What is the thousands digit of 1960?
1
What is the tens digit of 81?
8
What is the units digit of 15066?
6
What is the tens digit of 6195?
9
What is the thousands digit of 45321?
5
What is the thousands digit of 4726?
4
What is the units digit of 36574?
4
What is the units digit of 15289?
9
What is the tens digit of 502?
0
What is the thousands digit of 1401?
1
What is the hundreds digit of 6576?
5
What is the thousands digit of 2654?
2
What is the units digit of 88958?
8
What is the units digit of 22?
2
What is the thousands digit of 5729?
5
What is the hundreds digit of 10002?
0
What is the units digit of 1837?
7
What is the tens digit of 3617?
1
What is the hundreds digit of 930?
9
What is the tens digit of 46?
4
What is the tens digit of 81363?
6
What is the thousands digit of 3881?
3
What is the hundreds digit of 6190?
1
What is the tens digit of 2554?
5
What is the hundreds digit of 72144?
1
What is the units digit of 97650?
0
What is the hundreds digit of 13528?
5
What is the hundreds digit of 9394?
3
What is the tens digit of 16567?
6
What is the thousands digit of 3803?
3
What is the tens digit of 23586?
8
What is the tens digit of 21560?
6
What is the thousands digit of 92113?
2
What is the hundreds digit of 6056?
0
What is the units digit of 823?
3
What is the tens digit of 16254?
5
What is the tens digit of 1040?
4
What is the hundreds digit of 1843?
8
What is the tens digit of 1020?
2
What is the hundreds digit of 2088?
0
What is the tens digit of 951?
5
What is the units digit of 1745?
5
What is the hundreds digit of 12498?
4
What is the thousands digit of 1492?
1
What is the units digit of 113477?
7
What is the tens digit of 706?
0
What is the hundreds digit of 13668?
6
What is the units digit of 47734?
4
What is the ten thousands digit of 28705?
2
What is the units digit of 6222?
2
What is the tens digit of 5240?
4
What is the units digit of 1609?
9
What is the thousands digit of 14447?
4
What is the hundreds digit of 29535?
5
What is the units digit of 1973?
3
What is the ten thousands digit of 14738?
1
What is the tens digit of 1865?
6
What is the ten thousands digit of 23058?
2
What is the ten thousands digit of 22892?
2
What is the hundreds digit of 2117?
1
What is the units digit of 21500?
0
What is the tens digit of 14668?
6
What is the hundreds digit of 67964?
9
What is the thousands digit of 1729?
1
What is the ten thousands digit of 37178?
3
What is the tens digit of 664?
6
What is the hundreds digit of 47612?
6
What is the tens digit of 17?
1
What is the hundreds digit of 7903?
9
What is the hundreds digit of 25319?
3
What is the thousands digit of 88684?
8
What is the hundreds digit of 1017?
0
What is the hundreds digit of 14872?
8
What is the ten thousands digit of 97262?
9
What is the hundreds digit of 1830?
8
What is the units digit of 3283?
3
What is the thousands digit of 2662?
2
What is the tens digit of 2202?
0
What is the hundreds digit of 1444?
4
What is the hundreds digit of 899?
8
What is the tens digit of 715?
1
What is the tens digit of 6938?
3
What is the thousands digit of 41389?
1
What is the tens digit of 36997?
9
What is the tens digit of 6373?
7
What is the tens digit of 2125?
2
What is the tens digit of 2137?
3
What is the tens digit of 836?
3
What is the ten thousands digit of 14513?
1
What is the tens digit of 14966?
6
What is the tens digit of 106?
0
What is the thousands digit of 6552?
6
What is the hundreds digit of 5094?
0
What is the units digit of 20765?
5
What is the units digit of 3170?
0
What is the thousands digit of 3583?
3
What is the tens digit of 8258?
5
What is the thousands digit of 2515?
2
What is the units digit of 6062?
2
What is the ten thousands digit of 11734?
1
What is the units digit of 3611?
1
What is the hundreds digit of 10489?
4
What is the hundreds digit of 13228?
2
What is the thousands digit of 16159?
6
What is the units digit of 23501?
1
What is the tens digit of 5492?
9
What is the units digit of 2517?
7
What is the units digit of 616?
6
What is the thousands digit of 33598?
3
What is the hundreds digit of 384?
3
What is the units digit of 719?
9
What is the tens digit of 7630?
3
What is the thousands digit of 3728?
3
What is the hundreds digit of 6677?
6
What is the units digit of 778?
8
What is the ten thousands digit of 72514?
7
What is the ten thousands digit of 64370?
6
What is the hundreds digit of 10452?
4
What is the tens digit of 5373?
7
What is the hundreds digit of 26338?
3
What is the thousands digit of 57710?
7
What is the units digit of 1727?
7
What is the thousands digit of 26474?
6
What is the thousands digit of 3036?
3
What is the units digit of 254?
4
What is the hundreds digit of 75605?
6
What is the units digit of 38377?
7
What is the units digit of 1537?
7
What is the tens digit of 14457?
5
What is the tens digit of 5906?
0
What is the tens 